pose -43 = -j - 11. What is the remainder when 62 is divided by j?
30
Suppose 22 = -48*z + 50*z. Calculate the remainder when z is divided by 4.
3
Let s be ((-6)/(-9))/(2/57). Let q = 35 - s. Calculate the remainder when 31 is divided by q.
15
Let z(o) = -3*o - 4. Let v be z(-3). Suppose -86 = -v*k - 1. Suppose k + 23 = 2*m. What is the remainder when m is divided by 11?
9
Let w be 0 + (5 - (-2 - -4)). Suppose 5*g + 36 = 4*t, w*t = -g + 3*g + 27. Calculate the remainder when 16 is divided by t.
7
Suppose -3*g + g - 10 = 0. What is the remainder when 4 is divided by g/10*(-1 - 3)?
0
Let c(t) = -t**2 - 2*t + 13. Calculate the remainder when 38 is divided by c(0).
12
Calculate the remainder when (1 + (4 - 1))*105/12 is divided by 9.
8
Suppose -4*m = 4*l - 80, -70 = -4*l - 0*m - 2*m. Calculate the remainder when l is divided by 8.
7
Suppose 0 = 2*t + 7 + 53. Let v = 94 + t. Calculate the remainder when v is divided by 22.
20
Let p = 23 - -18. Let d = p + -24. Let k = -11 + d. What is the remainder when 21 is divided by k?
3
Let o(t) = -2*t**2 + 3*t. Let i be o(2). Let a be 2 + i + 2 + 70. Suppose 5*v = -22 + a. Calculate the remainder when 19 is divided by v.
9
Suppose -5*d + 5 = -5*y, 3*y + 0*d = 2*d. Let x = y + 1. What is the remainder when 8 is divided by x?
2
Calculate the remainder when 58 is divided by ((0 + 1)/2)/(3/102).
7
Let q be -3*(-2)/((-2)/1). Let z be (-2 + 169)*3/q. Let o = -114 - z. Calculate the remainder when o is divided by 18.
17
Suppose -5*j = 11*j - 320. What is the remainder when j is divided by 7?
6
Let z(a) = -a - 1. Let o(v) = -v**2 - 3*v + 7. Let f(m) = o(m) + 4*z(m). Let q be f(-7). Suppose -q*i = 2*i - 30. What is the remainder when 17 is divided by i?
5
Let u(k) = -k**2 - 7*k + 7. Suppose n - 18 = -0*n. Suppose 113 - n = 5*p. Calculate the remainder when p is divided by u(-7).
5
Let j(v) = 4*v + 3. Suppose -2*f - 2*f = -28. Calculate the remainder when j(f) is divided by 16.
15
Suppose 4*h + 5*w = 119, 2*h + w + 113 = 5*h. Suppose -148 = -2*t - h. What is the remainder when t is divided by 19?
18
Let b(i) = -i**3 + 2*i**2 + 4. Let z be b(3). Let n(l) = l**3 + 4*l**2 - 5*l + 4. Calculate the remainder when n(z) is divided by 2.
0
Suppose -4*i = -29 - 167. Suppose 2*n = 6, -5*m - n + 64 = -3*n. Let r = m - -3. Calculate the remainder when i is divided by r.
15
Let z = 35 + 3. Calculate the remainder when z is divided by 3.
2
Suppose 7 = -4*w - 1. Let n = 4 + w. Calculate the remainder when 3 is divided by n.
1
Suppose q - 3*q = -22. Suppose 5*f - 4 = 6. Suppose 0 = 3*p + h - 100, p - f*h - 24 = -0*p. Calculate the remainder when p is divided by q.
10
Suppose 2*v - 37 = v. Let k(p) = -3*p + 4. Suppose b + 4 = -3*b, 2*x - 4*b + 2 = 0. What is the remainder when v is divided by k(x)?
11
Suppose 5*r - 30 = -c - 3*c, -5*r = -5*c + 15. Let h be r + 4/2 + 0. Suppose 3*x - 5 = -s - 2, 5*s - h = -4*x. What is the remainder when 2 is divided by x?
0
Let y(x) = 17*x - 10. Calculate the remainder when 115 is divided by y(3).
33
Let j(b) be the second derivative of 7*b**3/6 + b**2/2 - b. Suppose -4*r - 4*a = -2 + 6, -r + 2*a = -11. Calculate the remainder when j(1) is divided by r.
2
Suppose -74 = -3*p + 139. Calculate the remainder when p is divided by -2 + ((-40)/(-1))/2.
17
Suppose -5*y + 3*n = -2*y + 102, -3*y = 5*n + 94. Let x = y + 55. Let a(c) = c + 51. Calculate the remainder when a(-8) is divided by x.
21
Let n(c) = 9*c**3 - 2*c**2 + 1. What is the remainder when 38 is divided by n(1)?
6
Suppose 5*x + 141 = -4*o + 542, -57 = -x + 5*o. Calculate the remainder when x is divided by 21.
14
Let i(g) = 2*g - 2 + 3 + 5*g**2 - 4 + 1. Let n = 67 + -41. Calculate the remainder when n is divided by i(-2).
12
Let f(d) = -d**2 - 5*d + 3. Let z = 3 - 1. Calculate the remainder when f(-5) is divided by z.
1
Let i = 94 + -20. Suppose -2*p - 4 + i = 0. Suppose 25*u = 20*u + 60. What is the remainder when p is divided by u?
11
Suppose 5*g + 4*j = 51, -2*j + 16 = 2*j. Calculate the remainder when 11 is divided by g.
4
Suppose 14 = 18*f - 16*f. Calculate the remainder when (-1)/(-2) + (-35)/(-2) is divided by f.
4
Let n = -39 - -53. Let p(l) = 13*l**2 + l. What is the remainder when p(2) is divided by n?
12
Suppose -7*r + 3*r - 14 = -3*s, 3*r + 4*s = 2. What is the remainder when 2464/42 + r/(-6) is divided by 30?
29
Suppose -2*w + 3 = -4*o - o, 2*o = w - 2. Suppose -w*q - 35 = -9*q. Let t = 26 - 23. What is the remainder when q is divided by t?
1
Let t be (12/(-9))/((-2)/6). Let a be (-2 + 6/t)*-10. Let v = -1 + a. Calculate the remainder when 7 is divided by v.
3
Suppose -18*w = -0*w - 540. What is the remainder when 118 is divided by w?
28
What is the remainder when (10 - 2)/(8/68) is divided by 23?
22
Let b = -143 + 206. What is the remainder when b is divided by 22?
19
Let q = 6 - -14. Let u = 82 + 52. Let x = -75 + u. Calculate the remainder when x is divided by q.
19
Suppose -4*d - 5*y = 80, -y = -d + 2*y - 37. Let x(z) = -z - 19. Let p be x(-5). Let u = p - d. Calculate the remainder when 20 is divided by u.
9
Let r = 92 - 69. What is the remainder when 63 is divided by r?
17
Suppose -2*w - 12 = -4*g, 19 = -g - 4*w - w. What is the remainder when -3 + (62/2 - g) is divided by 10?
7
Let d(u) be the third derivative of 43*u**6/120 - u**5/60 + 3*u**2. Let j be d(1). Let l = j + -25. What is the remainder when 32 is divided by l?
15
Suppose -d + 13 = -10. Let r(a) = -a**3 + 11*a**2 - 7*a - 33. What is the remainder when r(9) is divided by d?
20
Let x = 14 - -16. Calculate the remainder when 2/(-1 + 33/x) is divided by 11.
9
Suppose -3*m + 1 = -26. Suppose -z - 5*q - 11 = -0*z, 3*q = -m. What is the remainder when 6 is divided by z?
2
Let r(k) = -2*k**3 - 3*k**2 - k - 4. Calculate the remainder when 50 is divided by r(-3).
24
Let d = -12 - -22. Calculate the remainder when 18 is divided by d.
8
Let f(z) = 27*z**3 - 5*z**2 - z - 4*z**2 + 11*z**2. Let t = 18 - 3. What is the remainder when f(1) is divided by t?
13
Let z = 20 - 18. Let h = -11 - -17. Suppose b + 10 = h*b. What is the remainder when b is divided by z?
0
Suppose 0 = -5*h - 7 - 3. Let z = 5 + h. Suppose -z*r - r = -176. Calculate the remainder when r is divided by 15.
14
Suppose -3*d + 2*g = -43, g = -4*d - g + 48. Let s = 8 + -4. What is the remainder when d is divided by s?
1
Suppose g - 33 - 8 = 0. Suppose -2*r + 8 = -r. Suppose 2*m - 6 = -a, -3*a + r*a - m - g = 0. What is the remainder when a is divided by 3?
2
Suppose 61 = 3*n - 6*b + 4*b, 0 = 4*n - 2*b - 82. Suppose -5*y + 49 = -n. Calculate the remainder when 25 is divided by y.
11
Let m = 54 - 47. What is the remainder when 29 is divided by m?
1
Let j(l) = -3*l**3 + 3*l**2 + 0*l**2 + 0*l**2 + 5 + 4*l**3 - 2*l. Let q be j(-5). Let p = q - -76. What is the remainder when p is divided by 14?
13
Let m be ((-16)/10)/((-1)/(-20)). Let r = 61 + m. Let b = r - 9. What is the remainder when 58 is divided by b?
18
Let m be 32/(-24)*(-3)/1. Let x(d) = 7*d + 4. Calculate the remainder when x(m) is divided by 17.
15
Let g = 41 - 36. What is the remainder when g is divided by 2?
1
Let x(b) = -b**2 - 5*b + 5. Suppose h - 2*w - w - 29 = 0, -h + 4*w + 34 = 0. Calculate the remainder when h is divided by x(-5).
4
Let p(g) = 4*g + 4. Let v be p(-3). Let z = -6 - v. Suppose 4*k - 20 = -z*y, -4*k = -2*k + 2. Calculate the remainder when 34 is divided by y.
10
Suppose 114 = 2*f - 2*z, 5*z + 9 = -3*f + 156. Let j = 37 - 18. What is the remainder when f is divided by j?
16
Suppose 5*c + 41 - 6 = 0. Let m(i) be the third derivative of -i**4/6 - 2*i**3/3 - 2*i**2. Calculate the remainder when m(c) is divided by 13.
11
Let d = -15 - -25. What is the remainder when 21 is divided by -1 + d + -1 + 3?
10
Let a be ((3 + -1)*-1)/2. What is the remainder when 24 is divided by (-12 + a)/(-1 + 0)?
11
Let z(t) = -t**2 + 7*t - 5. Let b be z(5). Suppose -f - 40 - b = 0. What is the remainder when 22 is divided by (16/(-10))/(6/f)?
10
Let a(i) = i**2 - 4*i + 8. Let r(n) = -76*n + 3. Calculate the remainder when r(-1) is divided by a(6).
19
Let w = -7 - -113. Suppose -4*h + w = 4*i - 142, -2*h - i + 123 = 0. Let u(r) = 22*r**2 + r. What is the remainder when h is divided by u(-1)?
19
Let o = -17 + 8. What is the remainder when 25 is divided by 12/o*-9 - 